7, 12119
List the prime factors of 2251596.
2, 3, 187633
What are the prime factors of 26560238?
2, 13280119
List the prime factors of 23111.
11, 191
What are the prime factors of 247369?
247369
List the prime factors of 1107898.
2, 11, 50359
What are the prime factors of 2253213?
3, 29, 89, 97
List the prime factors of 6142691.
89, 69019
What are the prime factors of 1758641?
1758641
What are the prime factors of 19695?
3, 5, 13, 101
List the prime factors of 11913835.
5, 241, 9887
List the prime factors of 24400925.
5, 59, 71, 233
List the prime factors of 68023.
68023
What are the prime factors of 11496615?
3, 5, 13, 19, 29, 107
What are the prime factors of 652582?
2, 7, 6659
List the prime factors of 438159.
3, 19, 7687
List the prime factors of 404081.
404081
What are the prime factors of 6205769?
97, 63977
List the prime factors of 1619249.
1619249
List the prime factors of 265905.
3, 5, 19, 311
What are the prime factors of 45385?
5, 29, 313
What are the prime factors of 2909812?
2, 19, 38287
What are the prime factors of 108556?
2, 7, 3877
What are the prime factors of 5384363?
5384363
What are the prime factors of 2993495?
5, 163, 3673
List the prime factors of 2769064.
2, 346133
List the prime factors of 107932.
2, 11, 223
What are the prime factors of 2695959?
3, 7, 42793
List the prime factors of 18573.
3, 41, 151
What are the prime factors of 701693?
71, 9883
What are the prime factors of 4466444?
2, 17, 19, 3457
List the prime factors of 5887128.
2, 3, 13, 18869
List the prime factors of 23998.
2, 13, 71
What are the prime factors of 1028143?
17, 197, 307
List the prime factors of 123452.
2, 7, 4409
What are the prime factors of 4599517?
13, 23, 15383
What are the prime factors of 9969?
3, 3323
What are the prime factors of 2327323?
2327323
List the prime factors of 357200.
2, 5, 19, 47
What are the prime factors of 645600?
2, 3, 5, 269
What are the prime factors of 1414437?
3, 31, 67, 227
What are the prime factors of 855479?
71, 12049
List the prime factors of 2579257.
17, 173, 877
What are the prime factors of 10964628?
2, 3, 61, 4993
List the prime factors of 451395.
3, 5, 7, 1433
What are the prime factors of 636598?
2, 318299
List the prime factors of 297852.
2, 3, 24821
List the prime factors of 1725334.
2, 13, 66359
List the prime factors of 24137513.
331, 72923
What are the prime factors of 1249420?
2, 5, 179, 349
List the prime factors of 668880.
2, 3, 5, 929
What are the prime factors of 3846963?
3, 163, 7867
List the prime factors of 96578.
2, 43, 1123
What are the prime factors of 1524067?
17, 37, 2423
List the prime factors of 786541.
7, 112363
What are the prime factors of 1281169?
23, 53, 1051
List the prime factors of 169573.
151, 1123
List the prime factors of 4808808.
2, 3, 41, 181
List the prime factors of 2818517.
13, 19, 11411
What are the prime factors of 3564605?
5, 11, 64811
What are the prime factors of 13623323?
7, 19, 14633
List the prime factors of 488048.
2, 11, 47, 59
List the prime factors of 443824.
2, 27739
What are the prime factors of 710377?
710377
List the prime factors of 75543.
3, 13, 149
What are the prime factors of 378860?
2, 5, 19, 997
What are the prime factors of 16417632?
2, 3, 7, 11, 2221
List the prime factors of 718575.
3, 5, 11, 13, 67
List the prime factors of 220639.
23, 53, 181
List the prime factors of 3409070.
2, 5, 7, 31, 1571
What are the prime factors of 3095081?
11, 19, 59, 251
What are the prime factors of 239519?
7, 34217
List the prime factors of 2708915.
5, 11, 49253
List the prime factors of 2027641.
7, 11, 17, 1549
What are the prime factors of 34007?
31, 1097
What are the prime factors of 12264964?
2, 31, 98911
List the prime factors of 5034070.
2, 5, 503407
List the prime factors of 5046822.
2, 3, 11, 71, 359
List the prime factors of 11347761.
3, 557, 6791
List the prime factors of 268374.
2, 3, 44729
List the prime factors of 678962.
2, 31, 47, 233
What are the prime factors of 1817781?
3, 7, 86561
What are the prime factors of 694811?
13, 19, 29, 97
What are the prime factors of 557368?
2, 7, 37, 269
List the prime factors of 1191505.
5, 7, 59, 577
What are the prime factors of 5316891?
3, 1772297
List the prime factors of 814351.
17, 47903
What are the prime factors of 1167003?
3, 127, 1021
What are the prime factors of 60527?
60527
List the prime factors of 903543.
3, 301181
What are the prime factors of 1424556?
2, 3, 7, 5653
List the prime factors of 2987199.
3, 19, 647
List the prime factors of 297204.
2, 3, 24767
List the prime factors of 545236.
2, 136309
What are the prime factors of 5060251?
7, 19, 38047
What are the prime factors of 799935?
3, 5, 17, 3137
List the prime factors of 4650879.
3, 163, 9511
List the prime factors of 162270.
2, 3, 5, 601
List the prime factors of 3077932.
2, 11, 13, 5381
What are the prime factors of 1388049?
3, 13, 35591
What are the prime factors of 1088212?
2, 272053
List the prime factors of 10455318.
2, 3, 71, 101
List the prime factors of 3968732.
2, 992183
List the prime factors of 2418259.
509, 4751
List the prime factors of 495064.
2, 19, 3257
What are the prime factors of 12371450?
2, 5, 7, 13, 2719
List the prime factors of 139081.
23, 6047
List the prime factors of 204805.
5, 40961
What are the prime factors of 301537?
31, 71, 137
What are the prime factors of 1126389?
3, 11, 29, 107
List the prime factors of 359839.
17, 61, 347
What are the prime factors of 462824?
2, 57853
List the prime factors of 258439.
109, 2371
List the prime factors of 86040.
2, 3, 5, 239
What are the prime factors of 173440?
2, 5, 271
What are the prime factors of 794967?
3, 193, 1373
List the prime factors of 459313.
459313
List the prime factors of 35341684.
2, 7, 1262203
What are the prime factors of 5519732?
2, 227, 6079
What are the prime factors of 13428854?
2, 37, 89, 2039
What are the prime factors of 1300132?
2, 19, 17107
List the prime factors of 31735.
5, 11, 577
List the prime factors of 565956.
2, 3, 79, 199
List the prime factors of 1625735.
5, 19, 109, 157
What are the prime factors of 20173481?
47, 429223
What are the prime factors of 139248?
2, 3, 967
What are the prime factors of 437536?
2, 11, 113
List the prime factors of 1557106.
2, 778553
List the prime factors of 284723.
284723
What are the prime factors of 281812?
2, 47, 1499
List the prime factors of 1382381.
7, 11, 13, 1381
List the prime factors of 254511.
3, 28279
What are the prime factors of 6998103?
3, 7, 61, 607
List the prime factors of 1558152.
2, 3, 17, 19, 67
What are the prime factors of 55739?
139, 401
What are the prime factors of 300929?
300929
List the prime factors of 6682134.
2, 3, 53, 21013
List the prime factors of 1433089.
7, 101, 2027
List the prime factors of 1011293.
53, 19081
What are the prime factors of 987314?
2, 493657
What are the prime factors of 8869559?
23, 271, 1423
What are the prime factors of 593099?
13, 43, 1061
What are the prime factors of 5472229?
7, 23, 41, 829
List the prime factors of 1301307.
3, 7, 61967
What are the prime factors of 439442?
2, 219721
What are the prime factors of 970885?
5, 277, 701
List the prime factors of 67707.
3, 7523
What are the prime factors of 180555?
3, 5, 12037
List the prime factors of 17909877.
3, 5969959
What are the prime factors of 21884188?
2, 71, 251, 307
What are the prime factors of 34748?
2, 7, 17, 73
What are the prime factors of 533043?
3, 7, 8461
What are the prime factors of 346436?
2, 257, 337
List the prime factors of 13565696.
2, 19, 2789
What are the prime factors of 4743096?
2, 3, 107, 1847
What are the prime factors of 1250194?
2, 11, 56827
What are the prime factors of 2228?
2, 557
What are the prime factors of 155201?
155201
What are the prime factors of 270045?
3, 5, 17, 353
What are the prime factors of 183934?
2, 91967
List the prime factors of 2066109.
3, 353, 1951
What are the prime factors of 114491?
13, 8807
List the prime factors of 5215704.
2, 3, 13, 73, 229
What are the prime factors of 1083660?
2, 3, 5, 18061
What are the prime factors of 2057815?
5, 411563
What are the prime factors of 737082?
2, 3, 40949
What are the prime factors of 92825?
5, 47, 79
What are the prime factors of 19344232?
2, 17, 142237
List the prime factors of 412509.
3, 19, 7237